{"id":822,"date":"2013-04-26T20:04:55","date_gmt":"2013-04-26T17:04:55","guid":{"rendered":"http:\/\/www.stig.fi\/?page_id=822"},"modified":"2013-11-07T17:05:16","modified_gmt":"2013-11-07T15:05:16","slug":"tulokset-2013","status":"publish","type":"page","link":"http:\/\/www.stig.fi\/?page_id=822","title":{"rendered":"Tulokset 2013"},"content":{"rendered":"<p id=\"top\" \/><h2 id=\"tablepress-6-name\" class=\"tablepress-table-name tablepress-table-name-id-6\">Stig sijoitukset fossiilisarjassa 2013<\/h2>\n\n<table id=\"tablepress-6\" class=\"tablepress tablepress-id-6\" aria-labelledby=\"tablepress-6-name\">\n<thead>\n<tr class=\"row-1 odd\">\n\t<th class=\"column-1\">Kisa 1<\/th><th class=\"column-2\">Kisa 2<\/th><th class=\"column-3\">Kisa 3<\/th><th class=\"column-4\">Kisa 4<\/th><th class=\"column-5\">Kisa 5<\/th><th class=\"column-6\">Kisa 6<\/th><th class=\"column-7\">Total<\/th>\n<\/tr>\n<\/thead>\n<tbody>\n<tr class=\"row-2 even\">\n\t<td class=\"column-1\">MO: 10 -> 14 (21 pts)<\/td><td class=\"column-2\">TM: 12 -> 6 (29 pts)<\/td><td class=\"column-3\">JK: 10 -> 5 (30 pts)<\/td><td class=\"column-4\">TM: 3 -> 2 (33 pts)<\/td><td class=\"column-5\">MO: 2 -> 10 (25 pts)<\/td><td class=\"column-6\">MO: 14 -> 6 (29 pts)<\/td><td class=\"column-7\">MO: 167 pts<\/td>\n<\/tr>\n<tr class=\"row-3 odd\">\n\t<td class=\"column-1\">JK: 2 -> DNS (0 pts)<\/td><td class=\"column-2\">JK: 3 -> 13 (22 pts)<\/td><td class=\"column-3\">MO: 1 -> 3 (32 pts)<\/td><td class=\"column-4\">JK: 12 -> 6 (29 pts)<\/td><td class=\"column-5\">JK: 11 -> 9 (26 pts)<\/td><td class=\"column-6\">JK: 5 -> 3 (32 pts)<\/td><td class=\"column-7\">TM: 144 pts<\/td>\n<\/tr>\n<tr class=\"row-4 even\">\n\t<td class=\"column-1\">TM: 13 -> 15 (20 pts)<\/td><td class=\"column-2\">MO: 10 -> 2 (33 pts)<\/td><td class=\"column-3\">TH: 16 -> 8 (27 pts)<\/td><td class=\"column-4\">MO: 11 -> 8 (27 pts)<\/td><td class=\"column-5\">TM: 15 -> 5 (30 pts)<\/td><td class=\"column-6\">TM: 10 -> 3 (32 pts)<\/td><td class=\"column-7\">JK: 139 pts<\/td>\n<\/tr>\n<\/tbody>\n<tfoot>\n<tr class=\"row-5 odd\">\n\t<th class=\"column-1\">61 pistett\u00e4<\/th><th class=\"column-2\">84 pistett\u00e4<\/th><th class=\"column-3\">89 pistett\u00e4<\/th><th class=\"column-4\">89 pistett\u00e4<\/th><th class=\"column-5\">81 pistett\u00e4<\/th><th class=\"column-6\">93 pistett\u00e4<\/th><th class=\"column-7\">436 pts (-61 pts)<\/th>\n<\/tr>\n<\/tfoot>\n<\/table>\n<!-- #tablepress-6 from cache --><br \/>\nKuskit: <span style=\"color: #0000ff;\">Tero<\/span>, <span style=\"color: #ff0000;\">Miika <\/span>ja <span style=\"color: #339966;\">Joni<span style=\"color: #000000;\">. Kolmen huonoimman er\u00e4n pisteet v\u00e4hennet\u00e4\u00e4n kokonaispisteist\u00e4.<\/span><\/span><\/p>\n<p><strong>Sijoitus fossiilisarjassa: 11\/36<\/strong><\/p>\n<p><strong>Sijoitus kest\u00e4vyyskisassa: 9\/34<\/strong><\/p>\n<p><img decoding=\"async\" title=\"sijoitus fossiilisarjassa\" alt=\"sijoitusk\u00e4yr\u00e4\" src=\"..\/..\/..\/..\/images\/sijoitustaulu2013.png\" width=\"650\" \/><\/p>\n<p><a href=\"http:\/\/www.keimolafk.com\/nuorisoturnaus\/fossiili_sarjatilanne_2013.htm\" target=\"_blank\">Fossiilisarjan sarjatilanne<\/a> Keimola FK:n sivuilta<\/p>\n<h2 id=\"tablepress-7-name\" class=\"tablepress-table-name tablepress-table-name-id-7\">2013 Yhteenveto<\/h2>\n\n<table id=\"tablepress-7\" class=\"tablepress tablepress-id-7\" aria-labelledby=\"tablepress-7-name\">\n<thead>\n<tr class=\"row-1 odd\">\n\t<th class=\"column-1\">Tulokset \/ MyLaps<\/th><th class=\"column-2\">Kisaraportti<\/th><th class=\"column-3\">Kuvat<\/th><th class=\"column-4\">Videot<\/th>\n<\/tr>\n<\/thead>\n<tbody>\n<tr class=\"row-2 even\">\n\t<td class=\"column-1\"><a href=\"http:\/\/www.mylaps.com\/en\/events\/901660\">Kisa 1<\/a>: <a href=\"http:\/\/www.mylaps.com\/en\/classification\/2679980\">Miika<\/a> \/ <a href=http:\/\/www.mylaps.com\/en\/classification\/2679982\">Joni<\/a> \/ <a href=\"http:\/\/www.mylaps.com\/en\/classification\/2679984\">Tero<\/a><\/td><td class=\"column-2\"><a href=\"http:\/\/www.stig.fi\/?page_id=828\/#851\">Syviss\u00e4 vesiss\u00e4<\/a><\/td><td class=\"column-3\"><a href=\"http:\/\/www.flickr.com\/photos\/51361726@N00\/8798698890\/in\/set-72157633028992490\">click<\/a><\/td><td class=\"column-4\"><\/td>\n<\/tr>\n<tr class=\"row-3 odd\">\n\t<td class=\"column-1\"><a href=\"http:\/\/www.mylaps.com\/en\/events\/912257\">Kisa 2<\/a>: <a href=\"http:\/\/www.mylaps.com\/en\/classification\/2717685\">Tero<\/a> \/ <a href=\"http:\/\/www.mylaps.com\/en\/classification\/2717687\">Joni<\/a> \/ <a href=\"http:\/\/www.mylaps.com\/en\/classification\/2717689\">Miika<\/a><\/td><td class=\"column-2\"><a href=\"http:\/\/www.stig.fi\/?page_id=828\/#872\">Uusi alku<\/a><\/td><td class=\"column-3\"><a href=\"http:\/\/www.flickr.com\/photos\/51361726@N00\/9032097514\/in\/set-72157633028992490\/\">click<\/a><\/td><td class=\"column-4\"><a href=\"http:\/\/youtu.be\/T7hmmCHj7p0\">JK<\/a>, <a href=\"http:\/\/youtu.be\/3L-hXg3avIU\">MO<\/a><\/td>\n<\/tr>\n<tr class=\"row-4 even\">\n\t<td class=\"column-1\"><a href=\"http:\/\/www.mylaps.com\/en\/events\/919123\">Kisa 3<\/a>: <a href=\"http:\/\/www.mylaps.com\/en\/classification\/2741311\">Joni<\/a> \/ <a href=\"http:\/\/www.mylaps.com\/en\/classification\/2741313\">Miika<\/a> \/ <a href=\"http:\/\/www.mylaps.com\/en\/classification\/2741315\">Tomppa<\/a><\/td><td class=\"column-2\"><a href=\"http:\/\/www.stig.fi\/?page_id=828\/#877\">Tyhj\u00e4n radan syndrooma<\/a><\/td><td class=\"column-3\"><a href=\"http:\/\/www.flickr.com\/photos\/51361726@N00\/9191829980\/in\/set-72157633028992490\">click<\/a><\/td><td class=\"column-4\"><\/td>\n<\/tr>\n<tr class=\"row-5 odd\">\n\t<td class=\"column-1\"><a href=\"http:\/\/www.mylaps.com\/en\/events\/934963\">Kisa 4<\/a>: <a href=\"http:\/\/www.mylaps.com\/en\/classification\/2795024\">Tero<\/a> \/ <a href=\"http:\/\/www.mylaps.com\/en\/classification\/2795026\">Joni<\/a> \/ <a href=\"http:\/\/www.mylaps.com\/en\/classification\/2795028\">Miika<\/a><\/td><td class=\"column-2\"><a href=\"http:\/\/www.stig.fi\/?page_id=828\/#885\">Vauhti kohdillaan<\/a><\/td><td class=\"column-3\"><a href=\"http:\/\/www.flickr.com\/photos\/51361726@N00\/9414187272\/in\/set-72157633028992490\">click<\/a><\/td><td class=\"column-4\"><\/td>\n<\/tr>\n<tr class=\"row-6 even\">\n\t<td class=\"column-1\"><a href=\"http:\/\/www.mylaps.com\/en\/events\/941088\">Kisa 5<\/a>: <a href=\"http:\/\/www.mylaps.com\/en\/classification\/2816485\">Miika<\/a> \/ <a href=\"http:\/\/www.mylaps.com\/en\/classification\/2816487\">Joni<\/a> \/ <a href=\"http:\/\/www.mylaps.com\/en\/classification\/2816489\">Tero<\/a><\/td><td class=\"column-2\"><a href=\"http:\/\/www.stig.fi\/?page_id=828\/#892\">Slipping and sliding<\/a><\/td><td class=\"column-3\"><a href=\"http:\/\/www.flickr.com\/photos\/51361726@N00\/9510422861\/in\/set-72157633028992490\">click<\/a><\/td><td class=\"column-4\"><a href=\"https:\/\/www.youtube.com\/watch?v=_8SzZOwKmgk\">TM<\/a><\/td>\n<\/tr>\n<tr class=\"row-7 odd\">\n\t<td class=\"column-1\"><a href=\"http:\/\/www.mylaps.com\/en\/events\/947790\">Kisa 6<\/a>: <a href=\"http:\/\/www.mylaps.com\/en\/classification\/2840481\">Miika<\/a> \/ <a href=\"http:\/\/www.mylaps.com\/en\/classification\/2840483\">Joni<\/a> \/ <a href=\"http:\/\/www.mylaps.com\/en\/classification\/2840485\">Tero<\/a><\/td><td class=\"column-2\"><a href=\"http:\/\/www.stig.fi\/?page_id=828\/#901\">Kaksi kertaa kolme<\/a><\/td><td class=\"column-3\"><a href=\"http:\/\/www.flickr.com\/photos\/51361726@N00\/9618302670\/in\/set-72157633028992490\">click<\/a><\/td><td class=\"column-4\"><\/td>\n<\/tr>\n<tr class=\"row-8 even\">\n\t<td class=\"column-1\"><a href=\"http:\/\/www.mylaps.com\/en\/classification\/2895905\">Kest\u00e4vyyskisa<\/a><\/td><td class=\"column-2\"><a href=\"http:\/\/www.stig.fi\/?page_id=828\/#908\">Parempi kuin moni huonompi<\/a><\/td><td class=\"column-3\"><a href=\"http:\/\/www.flickr.com\/photos\/51361726@N00\/10136762774\/in\/set-72157633028992490\">click<\/a><\/td><td class=\"column-4\"><\/td>\n<\/tr>\n<\/tbody>\n<\/table>\n<!-- #tablepress-7 from cache -->\n<p>&nbsp;<\/p>\n<h3>Vanhat<\/h3>\n<ul>\n<li><a href=\"http:\/\/www.stig.fi\/?page_id=714\">Vuoden 2012 tulokset<\/a><\/li>\n<li><a href=\"http:\/\/www.stig.fi\/?page_id=452\">Vuoden 2011 tulokset<\/a><\/li>\n<li><a href=\"http:\/\/www.stig.fi\/?page_id=23\">Vuoden 2010 tulokset<\/a><\/li>\n<li><a href=\"http:\/\/www.stig.fi\/2009_page.html\">Vuoden 2009 tulokset<\/a><\/li>\n<\/ul>\n","protected":false},"excerpt":{"rendered":"<p>Kuskit: Tero, Miika ja Joni. Kolmen huonoimman er\u00e4n pisteet v\u00e4hennet\u00e4\u00e4n kokonaispisteist\u00e4. Sijoitus fossiilisarjassa: 11\/36 Sijoitus kest\u00e4vyyskisassa: 9\/34 Fossiilisarjan sarjatilanne Keimola FK:n sivuilta &nbsp; Vanhat Vuoden 2012 tulokset Vuoden 2011 tulokset Vuoden 2010 tulokset Vuoden 2009 tulokset<\/p>\n","protected":false},"author":1,"featured_media":0,"parent":0,"menu_order":5,"comment_status":"closed","ping_status":"closed","template":"templates\/template-fullwidth.php","meta":{"footnotes":""},"class_list":["post-822","page","type-page","status-publish","hentry"],"_links":{"self":[{"href":"http:\/\/www.stig.fi\/index.php?rest_route=\/wp\/v2\/pages\/822","targetHints":{"allow":["GET"]}}],"collection":[{"href":"http:\/\/www.stig.fi\/index.php?rest_route=\/wp\/v2\/pages"}],"about":[{"href":"http:\/\/www.stig.fi\/index.php?rest_route=\/wp\/v2\/types\/page"}],"author":[{"embeddable":true,"href":"http:\/\/www.stig.fi\/index.php?rest_route=\/wp\/v2\/users\/1"}],"replies":[{"embeddable":true,"href":"http:\/\/www.stig.fi\/index.php?rest_route=%2Fwp%2Fv2%2Fcomments&post=822"}],"version-history":[{"count":10,"href":"http:\/\/www.stig.fi\/index.php?rest_route=\/wp\/v2\/pages\/822\/revisions"}],"predecessor-version":[{"id":946,"href":"http:\/\/www.stig.fi\/index.php?rest_route=\/wp\/v2\/pages\/822\/revisions\/946"}],"wp:attachment":[{"href":"http:\/\/www.stig.fi\/index.php?rest_route=%2Fwp%2Fv2%2Fmedia&parent=822"}],"curies":[{"name":"wp","href":"https:\/\/api.w.org\/{rel}","templated":true}]}}