{"id":23,"date":"2009-12-26T19:01:05","date_gmt":"2009-12-26T17:01:05","guid":{"rendered":"http:\/\/stig.fi\/WordPress\/?page_id=23"},"modified":"2013-11-07T17:41:46","modified_gmt":"2013-11-07T15:41:46","slug":"tulokset","status":"publish","type":"page","link":"http:\/\/www.stig.fi\/?page_id=23","title":{"rendered":"STIG &#8211; kilpakausi 2010"},"content":{"rendered":"<p id=\"top\" \/>\n<h2><a href=\"http:\/\/www.stig.fi\/?page_id=25#416\">Vuosikatsaus<\/a> \/\/ <a href=\"http:\/\/www.flickr.com\/photos\/51361726@N00\/sets\/72157629716810397\/detail\/\" target=\"_blank\">kuvagalleria<\/a><\/h2>\n<h2 id=\"tablepress-1-name\" class=\"tablepress-table-name tablepress-table-name-id-1\">Stig sijoitukset fossiilisarjassa 2010<\/h2>\n\n<table id=\"tablepress-1\" class=\"tablepress tablepress-id-1\" aria-labelledby=\"tablepress-1-name\">\n<thead>\n<tr class=\"row-1 odd\">\n\t<th class=\"column-1\">Kisa 1<\/th><th class=\"column-2\">Kisa 2<\/th><th class=\"column-3\">Kisa 3<\/th><th class=\"column-4\">Kisa 4<\/th><th class=\"column-5\">Kisa 5<\/th><th class=\"column-6\">Kisa 6<\/th><th class=\"column-7\">Total<\/th>\n<\/tr>\n<\/thead>\n<tbody>\n<tr class=\"row-2 even\">\n\t<td class=\"column-1\">TM: 17 -> 22 (13 pts)<\/td><td class=\"column-2\">TM: 24 -> 20 (15 pts)<\/td><td class=\"column-3\">JK: 12 -> 21 (14 pts)<\/td><td class=\"column-4\">TM: 12 -> 5 (30 pts)<\/td><td class=\"column-5\">JK: 16 -> 20 (15 pts)<\/td><td class=\"column-6\">JK: 19 -> 15 (20 pts)<\/td><td class=\"column-7\">MO: 143 pts<\/td>\n<\/tr>\n<tr class=\"row-3 odd\">\n\t<td class=\"column-1\">MO: 6 -> 21 (14 pts)<\/td><td class=\"column-2\">JK: 13 -> 21 (14 pts)<\/td><td class=\"column-3\">MO: 25 -> 12 (23 pts)<\/td><td class=\"column-4\">MO: 22 -> 15 (20 pts)<\/td><td class=\"column-5\">TM: 4 -> 17 (18 pts)<\/td><td class=\"column-6\">TM: 8 -> 8 (27 pts)<\/td><td class=\"column-7\">TM: 135 pts<\/td>\n<\/tr>\n<tr class=\"row-4 even\">\n\t<td class=\"column-1\">JK: 11 -> 17 (18 pts)<\/td><td class=\"column-2\">MO: 2 -> 8 (27 pts)<\/td><td class=\"column-3\">TM: 3 -> 3 (32 pts)<\/td><td class=\"column-4\">JK: 5 -> 7 (28 pts)<\/td><td class=\"column-5\">MO: 11 -> 5 (30 pts)<\/td><td class=\"column-6\">MO: 4 -> 6 (29 pts)<\/td><td class=\"column-7\">JK: 109 pts<\/td>\n<\/tr>\n<tr class=\"row-5 odd\">\n\t<td class=\"column-1\">45 pistett\u00e4<\/td><td class=\"column-2\">56 pistett\u00e4<\/td><td class=\"column-3\">69 pistett\u00e4<\/td><td class=\"column-4\">78 pistett\u00e4<\/td><td class=\"column-5\">63 pistett\u00e4<\/td><td class=\"column-6\">76 pistett\u00e4<\/td><td class=\"column-7\">346 pts (-41 pts)<\/td>\n<\/tr>\n<\/tbody>\n<\/table>\n<!-- #tablepress-1 from cache -->\n<p>Kuskit: <span style=\"color: #0000ff;\">Tero<\/span>, <span style=\"color: #ff0000;\">Miika <\/span>ja <span style=\"color: #339966;\">Joni<span style=\"color: #000000;\">. Kolmen huonoimman er\u00e4n pisteet v\u00e4hennet\u00e4\u00e4n kokonaispisteist\u00e4.<\/span><\/span><\/p>\n<h2><span style=\"color: #339966;\"><span style=\"color: #000000;\">Stigin sijoitus fossiilisarjassa vuonna 2010: <span style=\"color: #ff0000;\"><span style=\"text-decoration: underline;\">20<\/span><\/span> \/ 58<\/span><\/span><\/h2>\n<h2><span style=\"color: #339966;\"><span style=\"color: #000000;\">Stig kest\u00e4vyysajossa 2010: 23 \/ 43<\/span><\/span><\/h2>\n<h2>Tulokset, raportit ja kuvat:<\/h2>\n<p><a href=\"http:\/\/www.mylaps.com\/results\/showevent.jsp?id=539058\" target=\"_blank\"> Kisa 1<\/a>: <a href=\"http:\/\/www.mylaps.com\/en\/classification\/1510889\" target=\"_blank\">Tero<\/a>\u00a0\/ <a href=\"http:\/\/www.mylaps.com\/en\/classification\/1510891\" target=\"_blank\">Miika<\/a>\u00a0\/ <a href=\"http:\/\/www.mylaps.com\/en\/classification\/1510893\" target=\"_blank\">Joni<\/a>\u00a0&#8212;|||&#8212;\u00a0<a href=\"http:\/\/www.stig.fi\/?page_id=16#222\">kisaraportti<\/a> \/ <a href=\"http:\/\/www.flickr.com\/photos\/51361726@N00\/6891522670\/in\/set-72157629716810397\" target=\"_blank\">kuvat<\/a> \/ YouTube: <a href=\"http:\/\/www.youtube.com\/watch?v=-8Mw2dyYSy0#t=2m10s\" target=\"_blank\">TM<\/a>, <a href=\"http:\/\/www.youtube.com\/watch?v=w66670LgFMQ\" target=\"_blank\">MO<\/a><br \/>\n<a href=\"http:\/\/www.mylaps.com\/results\/showevent.jsp?id=544029\" target=\"_blank\"> Kisa 2<\/a>: <a href=\"http:\/\/www.mylaps.com\/en\/classification\/1527151\" target=\"_blank\">Tero<\/a>\u00a0\/ <a href=\"http:\/\/www.mylaps.com\/en\/classification\/1527153\" target=\"_blank\">Joni<\/a>\u00a0\/ <a href=\"http:\/\/www.mylaps.com\/en\/classification\/1527155\" target=\"_blank\">Miika<\/a>\u00a0&#8212;|||&#8212;\u00a0<a href=\"http:\/\/www.stig.fi\/?page_id=16#245\">kisaraportti<\/a> \/\u00a0<a href=\"http:\/\/www.flickr.com\/photos\/51361726@N00\/7037598471\/in\/set-72157629716810397\" target=\"_blank\">kuvat<\/a> \/ YouTube:\u00a0<a href=\"http:\/\/www.youtube.com\/watch?v=n2UWfzNgsgQ#t=3m28\" target=\"_blank\">TM<\/a>, <a href=\"http:\/\/www.youtube.com\/watch?v=n2UWfzNgsgQ#t=6m39\" target=\"_blank\">JK<\/a>, <a href=\"http:\/\/www.youtube.com\/watch?v=n2UWfzNgsgQ#t=8m34\" target=\"_blank\">MO<\/a><br \/>\n<a href=\"http:\/\/www.mylaps.com\/results\/showevent.jsp?id=554701\" target=\"_blank\"> Kisa 3<\/a>: <a href=\"http:\/\/www.mylaps.com\/en\/classification\/1561941\" target=\"_blank\">Joni<\/a>\u00a0\/ <a href=\"http:\/\/www.mylaps.com\/en\/classification\/1561943\" target=\"_blank\">Miika<\/a>\u00a0\/ <a href=\"http:\/\/www.mylaps.com\/en\/classification\/1561945\" target=\"_blank\">Tero<\/a> &#8212;|||&#8212;\u00a0<a href=\"http:\/\/www.stig.fi\/?page_id=16#288\">kisaraportti<\/a> \/\u00a0<a href=\"http:\/\/www.flickr.com\/photos\/51361726@N00\/7037521641\/in\/set-72157629716810397\" target=\"_blank\">kuvat<\/a> \/ YouTube:\u00a0<a href=\"http:\/\/www.youtube.com\/watch?v=V5oIYJOzY7U#t=1m26\" target=\"_blank\">JK<\/a>,\u00a0<a href=\"http:\/\/www.youtube.com\/watch?v=V5oIYJOzY7U#t=4m27\" target=\"_blank\">MO1<\/a>, <a href=\"http:\/\/www.youtube.com\/watch?v=gFMYl7aerAQ\" target=\"_blank\">MO2<\/a>, <a href=\"http:\/\/www.youtube.com\/watch?v=PUDeSY3AEm4\" target=\"_blank\">MO3<\/a>, <a href=\"http:\/\/www.youtube.com\/watch?v=V5oIYJOzY7U#t=6m55\" target=\"_blank\">TM<\/a><br \/>\n<a href=\"http:\/\/www.mylaps.com\/results\/showevent.jsp?id=574050\" target=\"_blank\"> Kisa 4<\/a>: <a href=\"http:\/\/www.mylaps.com\/en\/classification\/1624686\" target=\"_blank\">Tero<\/a>\u00a0\/ <a href=\"http:\/\/www.mylaps.com\/en\/classification\/1624688\" target=\"_blank\">Miika<\/a>\u00a0\/ <a href=\"http:\/\/www.mylaps.com\/en\/classification\/1624690\" target=\"_blank\">Joni<\/a>\u00a0&#8212;|||&#8212;\u00a0<a href=\"http:\/\/www.stig.fi\/?page_id=16#343\">kisaraportti<\/a> \/\u00a0<a href=\"http:\/\/www.flickr.com\/photos\/51361726@N00\/7036274935\/in\/set-72157629716810397\" target=\"_blank\">kuvat<\/a> \/ YouTube: <a href=\"http:\/\/www.youtube.com\/watch?v=80O87uNPzJg\" target=\"_blank\">MO<\/a><br \/>\n<a href=\"http:\/\/www.mylaps.com\/results\/showevent.jsp?id=581290\" target=\"_blank\"> Kisa 5:<\/a> <a href=\"http:\/\/www.mylaps.com\/en\/classification\/1646841\" target=\"_blank\">Joni<\/a>\u00a0\/ <a href=\"http:\/\/www.mylaps.com\/en\/classification\/1646843\" target=\"_blank\">Tero<\/a>\u00a0\/ <a href=\"http:\/\/www.mylaps.com\/en\/classification\/1646845\" target=\"_blank\">Miika<\/a>\u00a0&#8212;|||&#8212;\u00a0<a href=\"http:\/\/www.stig.fi\/?page_id=16#361\">kisaraportti<\/a> \/\u00a0<a href=\"http:\/\/www.flickr.com\/photos\/51361726@N00\/7036167059\/in\/set-72157629716810397\" target=\"_blank\">kuvat<\/a><br \/>\n<a href=\"http:\/\/www.mylaps.com\/results\/showevent.jsp?id=588354\" target=\"_blank\"> Kisa 6<\/a>: <a href=\"http:\/\/www.mylaps.com\/en\/classification\/1669462\" target=\"_blank\">Joni<\/a>\u00a0\/ <a href=\"http:\/\/www.mylaps.com\/en\/classification\/1669464\" target=\"_blank\">Tero<\/a>\u00a0\/ <a href=\"http:\/\/www.mylaps.com\/en\/classification\/1669466\" target=\"_blank\">Miika<\/a> &#8212;|||&#8212;\u00a0<a href=\"http:\/\/www.stig.fi\/?page_id=16#379\">kisaraportti<\/a> \/\u00a0<a href=\"http:\/\/www.flickr.com\/photos\/51361726@N00\/6890059334\/in\/set-72157629716810397\" target=\"_blank\">kuvat<\/a> \/ YouTube: <a href=\"http:\/\/www.youtube.com\/watch?v=KgdffexrA84\" target=\"_blank\">(MO1)<\/a>, <a href=\"http:\/\/www.youtube.com\/watch?v=bcx3JpIW3hw\" target=\"_blank\">MO2<\/a><br \/>\n<a href=\"http:\/\/www.mylaps.com\/en\/classification\/1713869\" target=\"_blank\"> Kest\u00e4vyysajo<\/a> &#8212;|||&#8212;\u00a0<a href=\"http:\/\/www.stig.fi\/?page_id=16#404\">kisaraportti<\/a> \/\u00a0<a href=\"http:\/\/www.flickr.com\/photos\/51361726@N00\/7036086025\/in\/set-72157629716810397\" target=\"_blank\">kuvat<\/a><\/p>\n<p><img decoding=\"async\" title=\"sijoitus fossiilisarjassa\" alt=\"sijoitusk\u00e4yr\u00e4\" src=\"..\/..\/..\/..\/images\/sijoitustaulu.png\" width=\"650\" \/><\/p>\n<p><a href=\"http:\/\/www.keimolafk.com\/nuorisoturnaus\/fossiili_sarjatilanne_2010.htm\" target=\"_blank\">Fossiilisarjan sarjatilanne<\/a> Keimola FK:n sivuilta<\/p>\n<h2>Muut kilpailut vuonna 2010<\/h2>\n<p><a href=\"http:\/\/www.mylaps.com\/results\/showevent.jsp?id=562838\" target=\"_blank\">XON cup III Kaanaa<\/a>: <a href=\"http:\/\/www.mylaps.com\/results\/showrun.jsp?id=1588483\" target=\"_blank\">aika-ajot (Tero)<\/a> \/ <a href=\"http:\/\/www.mylaps.com\/results\/showrun.jsp?id=1588484\" target=\"_blank\">Er\u00e4 1 (Tero)<\/a> \/ <a href=\"http:\/\/www.mylaps.com\/results\/showrun.jsp?id=1588485\" target=\"_blank\">Er\u00e4 2 (Joni)<\/a> \/ <a href=\"http:\/\/www.mylaps.com\/results\/showrun.jsp?id=1588486\" target=\"_blank\">Er\u00e4 3 (Miika)<\/a> &#8212;|||&#8212;\u00a0<a href=\"http:\/\/www.stig.fi\/?page_id=16#327\">kisaraportti<\/a> \/\u00a0<a href=\"http:\/\/www.flickr.com\/photos\/51361726@N00\/6891421418\/in\/set-72157629716810397\" target=\"_blank\">kuvat<\/a><\/p>\n<p>&nbsp;<\/p>\n<p>&nbsp;<\/p>\n","protected":false},"excerpt":{"rendered":"<p>Vuosikatsaus \/\/ kuvagalleria Kuskit: Tero, Miika ja Joni. Kolmen huonoimman er\u00e4n pisteet v\u00e4hennet\u00e4\u00e4n kokonaispisteist\u00e4. Stigin sijoitus fossiilisarjassa vuonna 2010: 20 \/ 58 Stig kest\u00e4vyysajossa 2010: 23 \/ 43 Tulokset, raportit ja kuvat: Kisa 1: Tero\u00a0\/ Miika\u00a0\/ Joni\u00a0&#8212;|||&#8212;\u00a0kisaraportti \/ kuvat \/ YouTube: TM, MO Kisa 2: Tero\u00a0\/ Joni\u00a0\/ Miika\u00a0&#8212;|||&#8212;\u00a0kisaraportti \/\u00a0kuvat \/ YouTube:\u00a0TM, JK, MO Kisa 3: Joni\u00a0\/ Miika\u00a0\/ Tero &#8212;|||&#8212;\u00a0kisaraportti \/\u00a0kuvat \/ YouTube:\u00a0JK,\u00a0MO1, MO2, MO3, TM Kisa 4: Tero\u00a0\/ Miika\u00a0\/ Joni\u00a0&#8212;|||&#8212;\u00a0kisaraportti \/\u00a0kuvat \/ YouTube: MO Kisa 5: Joni\u00a0\/ Tero\u00a0\/ Miika\u00a0&#8212;|||&#8212;\u00a0kisaraportti \/\u00a0kuvat Kisa 6: Joni\u00a0\/ Tero\u00a0\/ Miika &#8212;|||&#8212;\u00a0kisaraportti \/\u00a0kuvat \/ YouTube: (MO1), MO2 Kest\u00e4vyysajo &#8212;|||&#8212;\u00a0kisaraportti \/\u00a0kuvat Fossiilisarjan sarjatilanne Keimola FK:n sivuilta Muut\u2026 <a href=\"http:\/\/www.stig.fi\/?page_id=23\">Read More &raquo;<\/a><\/p>\n","protected":false},"author":1,"featured_media":0,"parent":0,"menu_order":8,"comment_status":"closed","ping_status":"closed","template":"templates\/template-fullwidth.php","meta":{"footnotes":""},"class_list":["post-23","page","type-page","status-publish","hentry"],"_links":{"self":[{"href":"http:\/\/www.stig.fi\/index.php?rest_route=\/wp\/v2\/pages\/23","targetHints":{"allow":["GET"]}}],"collection":[{"href":"http:\/\/www.stig.fi\/index.php?rest_route=\/wp\/v2\/pages"}],"about":[{"href":"http:\/\/www.stig.fi\/index.php?rest_route=\/wp\/v2\/types\/page"}],"author":[{"embeddable":true,"href":"http:\/\/www.stig.fi\/index.php?rest_route=\/wp\/v2\/users\/1"}],"replies":[{"embeddable":true,"href":"http:\/\/www.stig.fi\/index.php?rest_route=%2Fwp%2Fv2%2Fcomments&post=23"}],"version-history":[{"count":43,"href":"http:\/\/www.stig.fi\/index.php?rest_route=\/wp\/v2\/pages\/23\/revisions"}],"predecessor-version":[{"id":970,"href":"http:\/\/www.stig.fi\/index.php?rest_route=\/wp\/v2\/pages\/23\/revisions\/970"}],"wp:attachment":[{"href":"http:\/\/www.stig.fi\/index.php?rest_route=%2Fwp%2Fv2%2Fmedia&parent=23"}],"curies":[{"name":"wp","href":"https:\/\/api.w.org\/{rel}","templated":true}]}}