{"id":1085,"date":"2014-05-12T14:08:05","date_gmt":"2014-05-12T11:08:05","guid":{"rendered":"http:\/\/www.stig.fi\/?page_id=1085"},"modified":"2014-10-13T18:48:26","modified_gmt":"2014-10-13T15:48:26","slug":"tulokset-2014","status":"publish","type":"page","link":"http:\/\/www.stig.fi\/?page_id=1085","title":{"rendered":"Tulokset 2014"},"content":{"rendered":"<p id=\"top\" \/>&nbsp;<\/p>\n<p><strong>Sijoitus fossiilisarjassa: 9\/39<\/strong><\/p>\n<p><strong>Sijoitus kest\u00e4vyyskisassa: 5\/29<\/strong><\/p>\n<p><a href=\"http:\/\/www.stig.fi\/?page_id=25\/#1226\"><strong>Vuosikatsaus<\/strong><\/a><\/p>\n<p><a href=\"https:\/\/www.flickr.com\/photos\/51361726@N00\/sets\/72157643261994325\/\" target=\"_blank\"><strong>Kuvagalleria<\/strong><\/a><\/p>\n<hr \/>\n<p>&nbsp;<\/p>\n<p><h2 id=\"tablepress-8-name\" class=\"tablepress-table-name tablepress-table-name-id-8\">Stig sijoitukset fossiilisarjassa 2014<\/h2>\n\n<table id=\"tablepress-8\" class=\"tablepress tablepress-id-8\" aria-labelledby=\"tablepress-8-name\">\n<thead>\n<tr class=\"row-1 odd\">\n\t<th class=\"column-1\">Kisa 1<\/th><th class=\"column-2\">Kisa 2<\/th><th class=\"column-3\">Kisa 3<\/th><th class=\"column-4\">Kisa 4<\/th><th class=\"column-5\">Kisa 5<\/th><th class=\"column-6\">Kisa 6<\/th><th class=\"column-7\">Total<\/th>\n<\/tr>\n<\/thead>\n<tbody class=\"row-hover\">\n<tr class=\"row-2 even\">\n\t<td class=\"column-1\">TM: 13 -> 7 (28 pts)<\/td><td class=\"column-2\">MO: 2 -> 10 (25 pts)<\/td><td class=\"column-3\">TM: 3 -> 11 (24 pts)<\/td><td class=\"column-4\">JK: 8 -> 5 (30 pts)<\/td><td class=\"column-5\">TM: 13 -> 7 (28 pts)<\/td><td class=\"column-6\">JK: 14 ->17 (18 pts)<\/td><td class=\"column-7\">TM: 175 pts<\/td>\n<\/tr>\n<tr class=\"row-3 odd\">\n\t<td class=\"column-1\">JK: 3 -> 1 (34 pts)<\/td><td class=\"column-2\">JK: 11 -> 7 (28 pts)<\/td><td class=\"column-3\">JK: 11 -> 5 (30 pts)<\/td><td class=\"column-4\">MO: 17 -> 6 (29 pts)<\/td><td class=\"column-5\">MO: 5 -> 8 (27 pts)<\/td><td class=\"column-6\">TM: 5 -> 1 (34 pts)<\/td><td class=\"column-7\">MO: 171 pts<\/td>\n<\/tr>\n<tr class=\"row-4 even\">\n\t<td class=\"column-1\">MO: 14 -> 5 (30 pts)<\/td><td class=\"column-2\">TM: 16 -> 7 (28 pts)<\/td><td class=\"column-3\">MO: 14 -> 3 (32 pts)<\/td><td class=\"column-4\">TM: 5 -> 2 (33 pts)<\/td><td class=\"column-5\">JK: 7 -> 6 (29 pts)<\/td><td class=\"column-6\">MO: 9 -> 7 (28 pts)<\/td><td class=\"column-7\">JK: 169 pts<\/td>\n<\/tr>\n<\/tbody>\n<tfoot>\n<tr class=\"row-5 odd\">\n\t<th class=\"column-1\">92 pistett\u00e4<\/th><th class=\"column-2\">81 pistett\u00e4<\/th><th class=\"column-3\">86 pistett\u00e4<\/th><th class=\"column-4\">92 pistett\u00e4<\/th><th class=\"column-5\">84 pistett\u00e4<\/th><th class=\"column-6\">80 pistett\u00e4<\/th><th class=\"column-7\">448 pts (-67 pts)<\/th>\n<\/tr>\n<\/tfoot>\n<\/table>\n<!-- #tablepress-8 from cache --><br \/>\nKuskit: <span style=\"color: #0000ff;\">Tero<\/span>, <span style=\"color: #ff0000;\">Miika <\/span>ja <span style=\"color: #339966;\">Joni<span style=\"color: #000000;\">. Kolmen huonoimman er\u00e4n pisteet v\u00e4hennet\u00e4\u00e4n kokonaispisteist\u00e4.<\/span><\/span><\/p>\n<p><img decoding=\"async\" title=\"sijoitus fossiilisarjassa\" src=\"..\/..\/..\/..\/images\/sijoitustaulu2014.png\" alt=\"sijoitusk\u00e4yr\u00e4\" width=\"650\" \/><\/p>\n<h3><a href=\"http:\/\/www.keimolafk.com\/fossiilisarjataulukko.pdf\" target=\"_blank\">Sarjatilanne<\/a>\u00a0Keimola FK:n sivuilta<\/h3>\n<h2 id=\"tablepress-9-name\" class=\"tablepress-table-name tablepress-table-name-id-9\">2014 Yhteenveto<\/h2>\n\n<table id=\"tablepress-9\" class=\"tablepress tablepress-id-9\" aria-labelledby=\"tablepress-9-name\">\n<thead>\n<tr class=\"row-1 odd\">\n\t<th class=\"column-1\">Tulokset \/ MyLaps<\/th><th class=\"column-2\">Kisaraportti<\/th><th class=\"column-3\">Kuvat<\/th><th class=\"column-4\">StigCam<\/th><th class=\"column-5\">Muut videot<\/th>\n<\/tr>\n<\/thead>\n<tbody>\n<tr class=\"row-2 even\">\n\t<td class=\"column-1\"><a href=\"http:\/\/www.mylaps.com\/en\/events\/1016483\">Kisa 1<\/a>: <a href=\"http:\/\/www.mylaps.com\/en\/classification\/3063762\">Tero<\/a> \/ <a href=\"http:\/\/www.mylaps.com\/en\/classification\/3063764\">Joni<\/a> \/ <a href=\"http:\/\/www.mylaps.com\/en\/classification\/3063766\">Miika<\/a><\/td><td class=\"column-2\"><a href=\"http:\/\/www.stig.fi\/?page_id=1080\/#1108\">Myrskyvaroitus ja annos euforiaa<\/a><\/td><td class=\"column-3\"><a href=\"https:\/\/www.flickr.com\/photos\/51361726@N00\/14000213549\/in\/set-72157643261994325\">click<\/a><\/td><td class=\"column-4\"><a href=\"https:\/\/www.youtube.com\/watch?v=d-qnyCv1l3Y\">kooste<\/a>, <a href=\"https:\/\/www.youtube.com\/watch?v=r5UL8bG9vNc\">TM<\/a>, <a href=\"https:\/\/www.youtube.com\/watch?v=wvlrkfLlfbc\">JK<\/a>, <a href=\"https:\/\/www.youtube.com\/watch?v=LnQPjApIxjU\">MO<\/a><\/td><td class=\"column-5\"><a href=\"https:\/\/www.youtube.com\/watch?v=2xAV-z7cIaA#t=0m30\">TM<\/a>, <a href=\"https:\/\/www.youtube.com\/watch?v=jOxQIxcULMI#t=0m45\">MO<\/a><\/td>\n<\/tr>\n<tr class=\"row-3 odd\">\n\t<td class=\"column-1\"><a href=\"http:\/\/www.mylaps.com\/en\/events\/1023355\">Kisa 2<\/a>: <a href=\"http:\/\/www.mylaps.com\/en\/classification\/3087301\">Miika<\/a> \/ <a href=\"http:\/\/www.mylaps.com\/en\/classification\/3087303\">Joni<\/a> \/ <a href=\"http:\/\/www.mylaps.com\/en\/classification\/3087305\">Tero<\/a><\/td><td class=\"column-2\"><a href=\"http:\/\/www.stig.fi\/?page_id=1080\/#1123\">Smoke on the water<\/a><\/td><td class=\"column-3\"><a href=\"https:\/\/www.flickr.com\/photos\/51361726@N00\/14313038143\/in\/set-72157643261994325\">click<\/a><\/td><td class=\"column-4\"><a href=\"https:\/\/www.youtube.com\/watch?v=tVDbAjb0QH4\">kooste<\/a>, <a href=\"https:\/\/www.youtube.com\/watch?v=0Stq72jy91Q\">MO<\/a>, <a href=\"https:\/\/www.youtube.com\/watch?v=CN1yLmgc0nk\">JK<\/a>, <a href=\"https:\/\/www.youtube.com\/watch?v=MX8HRab4L70\">TM<\/a><\/td><td class=\"column-5\"><a href=\"https:\/\/www.youtube.com\/watch?v=_IV2X0J0ITU#t=0m08\">JK<\/a><\/td>\n<\/tr>\n<tr class=\"row-4 even\">\n\t<td class=\"column-1\"><a href=\"http:\/\/www.mylaps.com\/en\/events\/1035439\">Kisa 3<\/a>: <a href=\"http:\/\/www.mylaps.com\/en\/classification\/3128754\">Tero<\/a> \/ <a href=\"http:\/\/www.mylaps.com\/en\/classification\/3128756\">Joni<\/a> \/ <a href=\"http:\/\/www.mylaps.com\/en\/classification\/3128758\">Miika<\/a><\/td><td class=\"column-2\"><a href=\"http:\/\/www.stig.fi\/?page_id=1080\/#1136\">Mit\u00e4 kuivempi, sen parempi<\/a><\/td><td class=\"column-3\"><a href=\"https:\/\/www.flickr.com\/photos\/51361726@N00\/14430951346\/in\/set-72157643261994325\">click<\/a><\/td><td class=\"column-4\"><a href=\"https:\/\/www.youtube.com\/watch?v=-V7P_Wqt8wg\">kooste<\/a>, <a href=\"https:\/\/www.youtube.com\/watch?v=tOngG4ymE40\">TM<\/a>, <a href=\"https:\/\/www.youtube.com\/watch?v=XLudj9lutE4\">JK<\/a>, <a href=\"https:\/\/www.youtube.com\/watch?v=ZDzITxsNRjc\">MO<\/a><\/td><td class=\"column-5\"><a href=\"https:\/\/www.youtube.com\/watch?v=SAm01LEEbPc\">TM<\/a>, <a href=\"https:\/\/www.youtube.com\/watch?v=WgDbKlxtadw\">JK<\/a>, <a href=\"https:\/\/www.youtube.com\/watch?v=x0944qvmxYI#t=6m45\">MO<\/a><\/td>\n<\/tr>\n<tr class=\"row-5 odd\">\n\t<td class=\"column-1\"><a href=\"http:\/\/www.mylaps.com\/en\/events\/1056117\">Kisa 4<\/a>: <a href=\"http:\/\/www.mylaps.com\/en\/classification\/3197777\">Joni<\/a> \/ <a href=\"http:\/\/www.mylaps.com\/en\/classification\/3197781\">Miika<\/a> \/ <a href=\"http:\/\/www.mylaps.com\/en\/classification\/3197784\">Tero<\/a><\/td><td class=\"column-2\"><a href=\"http:\/\/www.stig.fi\/?page_id=1080\/#1159\">Kun kone hyytyy<\/a><\/td><td class=\"column-3\"><a href=\"https:\/\/www.flickr.com\/photos\/51361726@N00\/14788376065\/in\/set-72157643261994325\/\">click<\/a><\/td><td class=\"column-4\"><a href=\"https:\/\/www.youtube.com\/watch?v=7moUxX_sjhQ\">kooste<\/a>, <a href=\"https:\/\/www.youtube.com\/watch?v=aGzCqKmUBd8\">JK<\/a>, <a href=\"https:\/\/www.youtube.com\/watch?v=jAxbBFSjgvA\">MO<\/a>, <a href=\"https:\/\/www.youtube.com\/watch?v=Il4PJJohjeE\">TM<\/a><\/td><td class=\"column-5\"><a href=\"https:\/\/www.youtube.com\/watch?v=wdjcGFO3_Sk\">JK<\/a>, <a href=\"https:\/\/www.youtube.com\/watch?v=dKRjjvDQFGU\">MO<\/a><\/td>\n<\/tr>\n<tr class=\"row-6 even\">\n\t<td class=\"column-1\"><a href=\"http:\/\/www.mylaps.com\/en\/events\/1062116\">Kisa 5<\/a>: <a href=\"http:\/\/www.mylaps.com\/en\/classification\/3217914\">Tero<\/a> \/ <a href=\"http:\/\/www.mylaps.com\/en\/classification\/3217916\">Miika<\/a> \/ <a href=\"http:\/\/www.mylaps.com\/en\/classification\/3217918\">Joni<\/a><\/td><td class=\"column-2\"><a href=\"http:\/\/www.stig.fi\/?page_id=1080\/#1175\">Taistelu (tuuli)myllyj\u00e4 vastaan<\/a><\/td><td class=\"column-3\"><a href=\"https:\/\/www.flickr.com\/photos\/51361726@N00\/14727211877\/in\/set-72157643261994325\">click<\/a><\/td><td class=\"column-4\"><a href=\"https:\/\/www.youtube.com\/watch?v=B86XTPBqtzs\">kooste<\/a>, <a href=\"https:\/\/www.youtube.com\/watch?v=llTSQ-QSI5I\">TM<\/a>, <a href=\"https:\/\/www.youtube.com\/watch?v=QUCUdMgsbBY\">MO<\/a>, <a href=\"https:\/\/www.youtube.com\/watch?v=K297MlPIvH4\">JK<\/a><\/td><td class=\"column-5\"><\/td>\n<\/tr>\n<tr class=\"row-7 odd\">\n\t<td class=\"column-1\"><a href=\"http:\/\/www.mylaps.com\/en\/events\/1072289\">Kisa 6<\/a>: <a href=\"http:\/\/www.mylaps.com\/en\/classification\/3252310\">Joni<\/a> \/ <a href=\"http:\/\/www.mylaps.com\/en\/classification\/3252312\">Tero<\/a> \/ <a href=\"http:\/\/www.mylaps.com\/en\/classification\/3252314\">Miika<\/a><\/td><td class=\"column-2\"><a href=\"http:\/\/www.stig.fi\/?page_id=1080\/#1193\">Sokka irti<\/a><\/td><td class=\"column-3\"><a href=\"https:\/\/www.flickr.com\/photos\/51361726@N00\/15108891536\/in\/set-72157643261994325\">click<\/a><\/td><td class=\"column-4\"><a href=\"https:\/\/www.youtube.com\/watch?v=UShxV5RfD-w\">kooste<\/a>, <a href=\"https:\/\/www.youtube.com\/watch?v=96eLpoFDWvI\">JK<\/a>, <a href=\"https:\/\/www.youtube.com\/watch?v=Z-Nx8zwq2vw\">TM<\/a>, <a href=\"https:\/\/www.youtube.com\/watch?v=-3OESxYpPvI\">MO<\/a><\/td><td class=\"column-5\"><\/td>\n<\/tr>\n<tr class=\"row-8 even\">\n\t<td class=\"column-1\"><a href=\"http:\/\/www.mylaps.com\/en\/classification\/3299425\">Kest\u00e4vyyskisa<\/a><\/td><td class=\"column-2\"><a href=\"http:\/\/www.stig.fi\/?page_id=1080\/#1208\">Kauden parasta<\/a><\/td><td class=\"column-3\"><a href=\"https:\/\/www.flickr.com\/photos\/51361726@N00\/15426898226\/in\/set-72157643261994325\">click<\/a><\/td><td class=\"column-4\"><\/td><td class=\"column-5\"><\/td>\n<\/tr>\n<\/tbody>\n<\/table>\n<!-- #tablepress-9 from cache -->\n<p>&nbsp;<\/p>\n<h3>Vanhat<\/h3>\n<ul>\n<li><a href=\"http:\/\/www.stig.fi\/?page_id=822\">Vuoden 2013 tulokset<\/a><\/li>\n<li><a href=\"http:\/\/www.stig.fi\/?page_id=714\">Vuoden 2012 tulokset<\/a><\/li>\n<li><a href=\"http:\/\/www.stig.fi\/?page_id=452\">Vuoden 2011 tulokset<\/a><\/li>\n<li><a href=\"http:\/\/www.stig.fi\/?page_id=23\">Vuoden 2010 tulokset<\/a><\/li>\n<li><a href=\"http:\/\/www.stig.fi\/2009_page.html\">Vuoden 2009 tulokset<\/a><\/li>\n<\/ul>\n","protected":false},"excerpt":{"rendered":"<p>&nbsp; Sijoitus fossiilisarjassa: 9\/39 Sijoitus kest\u00e4vyyskisassa: 5\/29 Vuosikatsaus Kuvagalleria &nbsp; Kuskit: Tero, Miika ja Joni. Kolmen huonoimman er\u00e4n pisteet v\u00e4hennet\u00e4\u00e4n kokonaispisteist\u00e4. Sarjatilanne\u00a0Keimola FK:n sivuilta &nbsp; Vanhat Vuoden 2013 tulokset Vuoden 2012 tulokset Vuoden 2011 tulokset Vuoden 2010 tulokset Vuoden 2009 tulokset<\/p>\n","protected":false},"author":1,"featured_media":0,"parent":0,"menu_order":0,"comment_status":"open","ping_status":"open","template":"templates\/template-fullwidth.php","meta":{"footnotes":""},"class_list":["post-1085","page","type-page","status-publish","hentry"],"_links":{"self":[{"href":"http:\/\/www.stig.fi\/index.php?rest_route=\/wp\/v2\/pages\/1085","targetHints":{"allow":["GET"]}}],"collection":[{"href":"http:\/\/www.stig.fi\/index.php?rest_route=\/wp\/v2\/pages"}],"about":[{"href":"http:\/\/www.stig.fi\/index.php?rest_route=\/wp\/v2\/types\/page"}],"author":[{"embeddable":true,"href":"http:\/\/www.stig.fi\/index.php?rest_route=\/wp\/v2\/users\/1"}],"replies":[{"embeddable":true,"href":"http:\/\/www.stig.fi\/index.php?rest_route=%2Fwp%2Fv2%2Fcomments&post=1085"}],"version-history":[{"count":10,"href":"http:\/\/www.stig.fi\/index.php?rest_route=\/wp\/v2\/pages\/1085\/revisions"}],"predecessor-version":[{"id":1244,"href":"http:\/\/www.stig.fi\/index.php?rest_route=\/wp\/v2\/pages\/1085\/revisions\/1244"}],"wp:attachment":[{"href":"http:\/\/www.stig.fi\/index.php?rest_route=%2Fwp%2Fv2%2Fmedia&parent=1085"}],"curies":[{"name":"wp","href":"https:\/\/api.w.org\/{rel}","templated":true}]}}